7))/((-2)/(-60))?
3, 5, 43
List the prime factors of (1 - -1658) + (26/(-20) - (-36)/120).
2, 829
Let l(p) = 2*p**3 + p**2 - 6*p + 6. Suppose -2 = 2*h - 3*o - 8, h - 3 = -5*o. Let j be l(h). Let f = j - -49. What are the prime factors of f?
2, 5
Suppose 700 = -2*k - 2*k - 4*i, -2*k - 346 = 4*i. Let w = k - -437. Let n = w - 95. List the prime factors of n.
3, 5, 11
Suppose w = 5*h - 0*h + 37, 0 = h + 2*w + 3. Suppose 17*b + 6*b = 4669. What are the prime factors of (-187)/(-4) + h + b/28?
47
Suppose -14*g - 556 - 74 = 0. Let a be (g/(-10) + -4)*12. Suppose 1090 = 16*f - a*f. What are the prime factors of f?
109
Let j(w) = -2*w - 14. Let r be j(-9). Suppose -r*h + 32 = -0*h. Suppose 0*t = 4*t + h, 5*b + 4*t = 207. What are the prime factors of b?
43
Let x(d) = -371*d - 34. Let s be x(-6). Suppose 2*n = 18*n - s. List the prime factors of n.
137
Let k be (-2)/8 + (-6)/(-24). Suppose k*s - 9*s = 18. List the prime factors of s*1*-44 + -1.
3, 29
Let d(y) = 6*y**3 + 9*y**2 + 24*y - 7. Suppose -36*o + 35*o + 5 = 0. Let f(c) = -c**3 + c**2 - 2*c. Let k(w) = o*f(w) + d(w). List the prime factors of k(-10).
11, 23
Let r(t) = t**3 + 35*t**2 - t + 5190. List the prime factors of r(0).
2, 3, 5, 173
Let g = 843 - -352. Suppose -2*r - y = -2*y - g, 0 = -3*r - 5*y + 1825. What are the prime factors of r?
2, 3, 5
Let g be (-4 - 2)/(-6) - (-10 + 1). Suppose 1020 = 5*o + g*o. List the prime factors of o.
2, 17
Suppose -y - 14 = -37*q + 41*q, 0 = 2*y + 5*q + 25. What are the prime factors of 11*178/4*y/(-5)?
11, 89
Let h be 0/1 + 3 - (86 + -86). List the prime factors of ((-3507)/14)/(h/(-4)).
2, 167
Let q = 61 - 31. Let b(y) = -7*y**2 + 171*y - 92. Let c be b(23). Suppose -2*i + c = 2*o, i - q = 5*o + 33. List the prime factors of i.
2, 17
Suppose -2*g - 951 = -4*d - 5029, -10189 = -5*g + 4*d. Suppose 2*b - 12*i + 9*i - g = 0, 3*i = -4*b + 4029. List the prime factors of b.
3, 337
Let y = 473 - 328. Suppose 0 = y*p - 150*p + 1905. What are the prime factors of p?
3, 127
Let n be (1 - -4)/(22/23540). Let m = n + -2195. Suppose -15*k + m = -265. List the prime factors of k.
2, 3, 19
Suppose -56*v = -28*v + 24*v - 359788. List the prime factors of v.
11, 17, 37
Suppose 3331 + 20273 = 2*w. List the prime factors of w.
2, 3, 7, 281
Let n(v) = v. Let c(f) = f**3 - 15*f**2 + 22*f - 3. Let h(z) = c(z) - 6*n(z). Let i be h(14). Let b = 64 + i. List the prime factors of b.
89
Suppose 38*v - 33*v - 15 = 0. Suppose 2 = -4*i - 10, 0 = -v*p + 4*i + 384. List the prime factors of p.
2, 31
Let l(i) = -32*i - 123 - 71 - 5*i**2 - 7*i**2 + 148 - i**3. List the prime factors of l(-11).
5, 37
Suppose 11*b + 16 = 15*b. Suppose -b*l - 670 = -3*h - 152, 5*h = -3*l - 374. Let v = l - -233. What are the prime factors of v?
3, 5, 7
List the prime factors of (57167460/(-162))/(-70) - (-2)/(-9).
71
Suppose -3*u - 4*c - 21 = 0, -17 - 1 = 2*u + 4*c. Let x be (3 - (5 - 1))*(u - 1). Suppose -x*m + 170 = 10. What are the prime factors of m?
2, 5
Let q be (16*-1)/(18 - 17). Let o = -14 - q. Suppose 0*n = 3*n - 3*r - 300, -5*n + 497 = -o*r. List the prime factors of n.
3, 11
Suppose -677 = -9*z + 16468. Let n = z + -1273. Suppose 7*l = -163 + n. What are the prime factors of l?
67
Let r = 878 - 878. Suppose r = 3*u - 5*k - 5480, -7*u + k = -11*u + 7345. List the prime factors of u.
5, 367
Let q = 1661 - 991. Suppose -4*r - 3 + 7 = 0, -3*c - 4*r + q = 0. What are the prime factors of c?
2, 3, 37
Let q = -14 - 52. Let l = q + 27. Let d = l + 63. What are the prime factors of d?
2, 3
Let k(o) = -333*o - 19. Let r(l) = -2*l + 2. Let m(h) = 2*k(h) + 14*r(h). List the prime factors of m(-1).
2, 3, 19
Let k(o) = 12*o - 11. Let s be -3 - (24/(-2) + 2). Let b(n) = 4*n - 4. Let p(g) = s*b(g) - 2*k(g). List the prime factors of p(4).
2, 5
Suppose -8*b + 367 + 1737 = 0. Let t = 258 + b. List the prime factors of t.
521
Let q(p) = -69*p - 10. Let t be q(-2). Suppose t = 2*h + 136. What are the prime factors of h/16 - 242/(-8)?
2, 3, 5
Let i = -71220 - -111419. List the prime factors of i.
61, 659
List the prime factors of -11 - 9 - -15 - 67656/4*-1.
37, 457
Suppose 0*r - 3*u = 3*r - 2973, -u + 3 = 0. Let z = 1798 - r. List the prime factors of z.
2, 3, 5
Let k(n) = -2*n**3 + 6*n. Let h be k(-6). Suppose -3*d = -147 + h. Let b = 183 + d. List the prime factors of b.
2, 5
Let x = -28719 - -31349. What are the prime factors of x?
2, 5, 263
Suppose -31*l + 25486 = -28702. Suppose 4*b - 1852 - l = 4*w, -3*b - 3*w + 2712 = 0. What are the prime factors of b?
2, 11, 41
Let c = 802 - -1803. What are the prime factors of c?
5, 521
Let k(v) = v**2 - 11*v + 13. Let h = 43 + -33. Let y be k(h). Suppose 4*f - 3*f - 99 = 5*o, -y*f - 3*o + 207 = 0. What are the prime factors of f?
2, 37
Suppose 646*o - 35602216 + 944180 = 170*o. List the prime factors of o.
17, 4283
Suppose -k = 3*m - 21, -2*m + 3 = 2*k - 19. Let f be -2 + -1 + k + 1. Suppose 0 = f*r - 1042 + 162. What are the prime factors of r?
2, 5, 11
Suppose 0 = 2855*k - 2945*k + 5064480. What are the prime factors of k?
2, 3517
Let b(j) = -2*j**3 + 7*j**2 + 5*j - 5. Let f be b(10). Let k = 875 + f. Let g = -263 - k. What are the prime factors of g?
3, 13
Let g(h) = -8485*h - 9805. What are the prime factors of g(-8)?
5, 23, 101
Let d(m) be the first derivative of m**4/4 - 9*m**2/2 - 5*m - 30. Let b be d(-3). What are the prime factors of 704/16 + (-2 - b)?
47
Let w be (-5)/(-40)*4 - 3434/4. List the prime factors of (w/110)/(1/(-10)).
2, 3, 13
Let y(a) = 347*a**2 - 126*a + 6. What are the prime factors of y(-4)?
2, 7, 433
Let n(w) = 2*w - 16. Let x be n(12). Let k(v) = 203*v + 38. What are the prime factors of k(x)?
2, 3, 277
Suppose -2*j + c + 687 = 0, -4*j - 5*c + 451 + 958 = 0. What are the prime factors of j?
2, 173
Let h = -3 + 14. Let s(t) = t**3 - 9*t**2 - 8*t - 1. Let f be s(h). Let l = 118 + f. What are the prime factors of l?
271
Suppose -m = 3*l - 938 + 81, -3*l + 832 = -4*m. List the prime factors of l.
2, 71
Suppose -3*d - 4*d = -2*d. Suppose 0*b - 5*b - 1690 = -5*r, -2*r - 3*b + 661 = d. List the prime factors of r.
5, 67
Suppose 20107 = 5*i + 4*n - 61581, -5*i = -5*n - 81760. List the prime factors of i.
2, 3, 227
Suppose 2303 = c - 5*s, 63*s - 60*s = 12. What are the prime factors of c?
23, 101
Suppose k + g - 6*g = 10, 0 = -k + 4*g + 6. Let h = -15 - k. What are the prime factors of h/((-45)/(-324)*(-2)/10)?
2, 3, 5
Suppose -3*g = -4*x - 4719, 0 = -10*x + 13*x + g + 3536. Let k = -667 - x. List the prime factors of k.
2
Let h = -174 + 179. Suppose 20 = h*o, 3*m - 619 - 510 = -o. What are the prime factors of m?
3, 5
Let m(u) be the first derivative of 11*u**2 + 104*u - 150. What are the prime factors of m(9)?
2, 151
Let j be (-2 - -2) + (2 - 0). Suppose j*g = 1881 + 613. Suppose -2*b = 4*q - 552, 157 = -4*b - q + g. What are the prime factors of b?
2, 17
Let u be (-338)/1*1/(-1). Suppose 507 = 3*x - 5*l, -l + u = 2*x + 2*l. List the prime factors of x.
13
Let m(s) = -s**3 - 10*s**2 + 11*s + 20. Let q be m(-11). What are the prime factors of (-5 - (-145)/q)/(1/476)?
3, 7, 17
Let t = -723 - -736. List the prime factors of t.
13
Let r = 30 + -27. Let l be 9/21 - (r - 212/28). Suppose -583 + 148 = -l*n. What are the prime factors of n?
3, 29
Let a(p) = -33*p + 17. Let b be a(2). Let n = b - -54. Suppose -3*f = -n - 703. What are the prime factors of f?
2, 59
Let v = 12835 + -6013. What are the prime factors of v?
2, 3, 379
Suppose 50*n + 3*q = 45*n + 16409, 0 = 5*q + 10. What are the prime factors of n?
7, 67
List the prime factors of (-17)/(-8 - 2716/(-340)).
5, 17
Suppose -8*r + 21 = -r. Suppose w - 7 = -r*b, 34 - 9 = 5*b - 5*w. What are the prime factors of 215 + (3 - 1) + b?
2, 5, 11
Suppose -9 + 9 = i. Suppose 5*f - f - 184 = i. Suppose -6*u + 274 = f. What are the prime factors of u?
2, 19
List the prime factors of 1431*(-341)/(-66) - 1/2.
7393
Let w = -14465 + 27287. What are the prime factors of w?
2, 3, 2137
Let x(m) = -m + 25. Let i be x(16). Let j = 14 - i. Suppose j*u - 148 = 552. List the prime factors of u.
2, 5, 7
Let h = -17018 + 22628. List the prime factors of h.
2, 3, 5, 11, 17
What are the prime factors of 11886/(-1132)*(-8884)/6?
7, 2221
Let t(l) = 15*l**2 + 194*l - 52. List the prime factors of t(22).
2, 19, 151
Suppose -4*o - 7